6
What is -29 (base 14) in base 2?
-100101
What is 2 (base 15) in base 6?
2
Convert 1 (base 8) to base 13.
1
What is 241 (base 5) in base 7?
131
What is -4 (base 12) in base 13?
-4
-1a (base 15) to base 3
-221
-212 (base 4) to base 11
-35
10 (base 5) to base 13
5
20 (base 6) to base 13
c
Convert 3b (base 13) to base 4.
302
What is 0 (base 15) in base 9?
0
-d6 (base 14) to base 3
-20222
Convert -110 (base 2) to base 3.
-20
Convert -5 (base 9) to base 14.
-5
Convert -36 (base 7) to base 13.
-21
What is -30 (base 4) in base 8?
-14
What is 21101 (base 3) in base 14?
103
What is -213 (base 6) in base 16?
-51
What is 10 (base 5) in base 6?
5
5 (base 7) to base 8
5
What is -12 (base 11) in base 10?
-13
What is -90 (base 10) in base 3?
-10100
What is -10 (base 11) in base 4?
-23
What is 2 (base 5) in base 12?
2
Convert -9 (base 16) to base 9.
-10
9 (base 10) to base 7
12
What is 101 (base 6) in base 4?
211
What is 1 (base 6) in base 2?
1
What is -40 (base 15) in base 6?
-140
What is -4 (base 8) in base 9?
-4
What is 3 (base 6) in base 2?
11
Convert -1 (base 16) to base 3.
-1
Convert 102 (base 3) to base 4.
23
-12 (base 3) to base 2
-101
-501 (base 6) to base 14
-cd
Convert a4 (base 11) to base 8.
162
4 (base 13) to base 5
4
3 (base 14) to base 4
3
Convert 7 (base 10) to base 6.
11
What is 8 (base 14) in base 13?
8
What is 323 (base 6) in base 14?
8b
4 (base 15) to base 14
4
What is 2 (base 3) in base 8?
2
What is -261 (base 12) in base 16?
-169
Convert -1b (base 14) to base 10.
-25
Convert -11 (base 3) to base 2.
-100
8 (base 12) to base 15
8
-2 (base 14) to base 7
-2
What is 1c (base 15) in base 11?
25
What is -5 (base 13) in base 7?
-5
-2 (base 10) to base 4
-2
What is 6 (base 13) in base 14?
6
What is 1 (base 14) in base 12?
1
154 (base 6) to base 15
4a
2 (base 7) to base 11
2
Convert 0 (base 12) to base 16.
0
What is -6 (base 7) in base 9?
-6
110 (base 2) to base 3
20
Convert 9 (base 15) to base 2.
1001
Convert 4 (base 15) to base 11.
4
-8 (base 13) to base 5
-13
What is 13 (base 15) in base 10?
18
Convert -77 (base 15) to base 10.
-112
Convert -16 (base 15) to base 7.
-30
-145 (base 6) to base 9
-72
-a (base 16) to base 15
-a
What is 33 (base 10) in base 14?
25
Convert 31 (base 15) to base 13.
37
What is 1 (base 6) in base 12?
1
Convert 0 (base 5) to base 4.
0
What is -1 (base 3) in base 8?
-1
Convert -5 (base 11) to base 16.
-5
4 (base 15) to base 4
10
Convert 7 (base 15) to base 10.
7
15 (base 9) to base 11
13
What is 111 (base 5) in base 11?
29
What is 1 (base 9) in base 14?
1
Convert -11 (base 10) to base 2.
-1011
-47 (base 8) to base 7
-54
143 (base 9) to base 13
93
-5 (base 11) to base 16
-5
What is -11 (base 6) in base 9?
-7
Convert 1333 (base 5) to base 3.
22002
Convert 1 (base 13) to base 8.
1
What is -232 (base 6) in base 14?
-68
Convert -29 (base 12) to base 15.
-23
What is 4 (base 13) in base 15?
4
Convert -55 (base 7) to base 5.
-130
What is 100110 (base 2) in base 14?
2a
Convert 28 (base 11) to base 5.
110
14 (base 7) to base 13
b
5 (base 10) to base 6
5
2 (base 6) to base 11
2
What is 1101 (base 2) in base 7?
16
Convert 211 (base 4) to base 6.
101
-4 (base 16) to base 4
-10
0 (base 4) to base 7
0
Convert 7 (base 10) to base 13.
7
What is 1 (base 15) in base 13?
1
242 (base 5) to base 4
1020
What is 4 (base 10) in base 2?
100
Convert -39 (base 13) to base 12.
-40
What is 2 (base 16) in base 10?
2
Convert d (base 14) to base 10.
13
What is 0 (base 10) in base 11?
0
Convert -2 (base 4) to base 11.
-2
-165 (base 7) to base 9
-116
What is 13 (base 8) in base 14?
b
-4 (base 14) to base 7
-4
Convert 7 (base 12) to base 3.
21
-11001 (base 2) to base 6
-41
-112 (base 6) to base 10
-44
What is 10020 (base 3) in base 13?
69
What is -99 (base 10) in base 2?
-1100011
Convert -101 (base 2) to base 16.
-5
328 (base 10) to base 3
110011
What is -5 (base 7) in base 5?
-10
Convert -22 (base 9) to base 7.
-26
Convert -60 (base 11) to base 3.
-2110
What is -23 (base 12) in base 13?
-21
Convert 100 (base 7) to base 8.
61
What is -1 (base 5) in base 15?
-1
What is 6 (base 11) in base 2?
110
What is 2 (base 12) in base 11?
2
What is 113 (base 5) in base 7?
45
Convert 10 (base 6) to base 5.
11
What is -12 (base 10) in base 9?
-13
Convert -23 (base 10) to base 5.
-43
5 (base 12) to base 8
5
-1101010 (base 2) to base 10
-106
What is 230 (base 4) in base 5?
134
-5 (base 8) to base 4
-11
What is -244 (base 7) in base 16?
-82
Convert 81 (base 10) to base 7.
144
4 (base 11) to base 3
11
What is -134 (base 10) in base 8?
-206
-5d (base 14) to base 10
-83
-22 (base 6) to base 4
-32
-7 (base 12) to base 7
-10
Convert 100001100 (base 2) to base 4.
10030
Convert 0 (base 5) to base 3.
0
6e (base 15) to base 9
125
17 (base 14) to base 13
18
-6 (base 12) to base 4
-12
53 (base 10) to base 6
125
What is -65 (base 8) in base 7?
-104
What is -3101 (base 4) in base 13?
-131
What is 5 (base 9) in base 6?
5
Convert 2 (base 15) to base 8.
2
-2002 (base 3) to base 11
-51
23 (base 14) to base 10
31
What is 11101 (base 2) in base 4?
131
-54 (base 8) to base 14
-32
Convert 1 (base 11) to base 16.
1
17 (base 13) to base 16
14
What is 11010 (base 3) in base 2?
1101111
-75 (base 16) to base 9
-140
Convert 0 (base 13) to base 7.
0
-47 (base 11) to base 13
-3c
Convert -121 (base 3) to base 15.
-11
What is 6 (base 13) in base 9?
6
-33 (base 7) to base 5
-44
10101 (base 2) to base 7
30
Convert -5 (base 16) to base 15.
-5
Convert -33 (base 8) to base 12.
-23
-5 (base 13) to base 11
-5
Convert 11 (base 3) to base 14.
4
What is -7 (base 14) in base 13?
-7
What is -5 (base 12) in base 7?
-5
30 (base 5) to base 15
10
Convert -146 (base 8) to base 12.
-86
Convert 1 (base 14) to base 8.
1
What is 108 (base 10) in base 3?
11000
What is 1 (base 12) in base 14?
1
-1d (base 14) to base 5
-102
6b (base 12) to base 14
5d
What is -49 (base 10) in base 8?
-61
13 (base 6) to base 8
11
What is 14 (base 14) in base 10?
18
Convert -114 (base 5) to base 10.
-34
-10000 (base 2) to base 4
-100
3 (base 11) to base 12
3
Convert -6 (base 14) to base 16.
-6
What is 202 (base 4) in base 5?
114
32 (base 5) to base 7
23
Convert 2 (base 9) to base 12.
2
Convert 1 (base 12) to base 11.
1
What is -121 (base 3) in base 12?
-14
Convert -120 (base 4) to base 14.
-1a
-2 (base 6) to base 3
-2
What is -20 (base 5) in base 11?
-a
What is -245 (base 8) in base 6?
-433
5 (base 13) to base 10
5
What is 2331 (base 4) in base 11?
162
What is 11 (base 14) in base 10?
15
Convert -3 (base 11) to base 6.
-3
What is -100110 (base 2) in base 13?
-2c
Convert 3 (base 15) to base 14.
3
What is -52 (base 8) in base 3?
-1120
Convert -c (base 15) to base 13.
-c
What is -12 (base 5) in base 8?
-7
10 (base 2) to base 6
2
What is -1 (base 12) in base 8?
-1
120 (base 4) to base 14
1a
-214 (base 9) to base 4
-2233
-91 (base 11) to base 14
-72
Convert 140 (base 11) to base 13.
c9
What is -1 (base 9) in base 4?
-1
Convert -10 (base 9) to base 12.
-9
4 (base 6) to base 13
4
What is -39 (base 15) in base 12?
-46
Convert 132 (base 5) to base 14.
30
Convert 1 (base 16) to base 4.
1
Convert -256 (base 9) to base 5.
-1323
What is -1235 (base 6) in base 9?
-375
-1000 (base 5) to base 8
-175
What is -5 (base 14) in base 16?
-5
Convert 24 (base 8) to base 12.
18
Convert 61 (base 12) to base 8.
111
What is -63 (base 7) in base 2?
-101101
3 (base 16) to base 11
3
-4 (base 12) to base 5
-4
Convert -13 (base 4) to base 14.
-7
What is -3 (base 5) in base 10?
-3
What is -29 (base 15) in base 7?
-54
What is 3 (base 11) in base 9?
3
What is -1a3 (base 13) in base 4?
-10232
Convert 80 (base 14) to base 12.
94
-11 (base 7) to base 13
-8
What is -1 (base 8) in base 12?
-1
Convert 123 (base 7) to base 12.
56
What is 302 (base 4) in base 10?
50
-69 (base 13) to base 14
-63
-2 (base 10) to base 15
-2
Convert -7 (base 13) to base 15.
-7
Convert -1000111 (base 2) to base 15.
-4b
Convert -14 (base 5) to base 11.
-9
4 (base 15) to base 5
4
350 (base 8) to base 5
1412
-62 (base 15) to base 11
-84
What is -11 (base 5) in base 8?
-6
What is 121 (base 3) in base 4?
100
Convert 10 (base 7) to base 13.
7
-10 (base 4) to base 9
-4
Convert 13 (base 8) to base 14.
b
What is 29 (base 12) in base 5?
113
-3 (base 11) to base 9
-3
Convert -b8 (base 16) to base 5.
-1214
-30 (base 5) 